 the prime factors of i.
2
Suppose 21*r = 11*r + 1330. What are the prime factors of r?
7, 19
Suppose -9*d + 8 = -5*d. Suppose -d*z + 3*z - 2 = 0. Let m = z - -3. What are the prime factors of m?
5
Let b be 0/((-3)/(9/6)). Suppose 5*w - w = b. Suppose y + 2*y - 30 = w. What are the prime factors of y?
2, 5
Let s = 59 - 10. List the prime factors of s.
7
What are the prime factors of (-18 + 19)/((-2)/(-30))?
3, 5
List the prime factors of ((-1)/(-2))/(2/116).
29
Let y = 5 + -4. Let h be 4/(-3)*y*6. What are the prime factors of (1 - 3)/(1/h)?
2
Let b = -3 + 2. List the prime factors of 29/(-1*(0 + b)).
29
Let r(k) = -k**2 + 5*k + 1. Suppose -3*q = b - 20, 8 = q + 2*b - 2. Let y be r(q). Let t(f) = -f - 2. List the prime factors of t(y).
3
Let f be 3 - (-4)/3*-3. Let v be (2 - -76) + (-1 - f). What are the prime factors of v/10 + (-5)/(-25)?
2
Let r = -39 + 56. What are the prime factors of r?
17
Suppose 0 = 12*q - 11*q - 6. What are the prime factors of q?
2, 3
Suppose 0 = -c - 8 + 29. What are the prime factors of c?
3, 7
Let u(s) = -29*s**2 + 31*s**2 + 4*s - 3*s. What are the prime factors of u(1)?
3
Suppose 1 - 11 = -2*j. Suppose -t = j*b + 19, -b - t - 5 = 2. List the prime factors of (-88)/(-12) - 2/b.
2
Let h = -6 - -8. Suppose 5*w = 5*d + 2*w - 6, h*d + 4*w = -8. What are the prime factors of 3 + 3/6*d?
3
Let k = -8 + 11. Suppose -2*v - 11 = -k*j - 0*v, 0 = -v + 2. Suppose j*u - 4*p = 76, 0 = -3*u - 2*p + 8 + 20. What are the prime factors of u?
2, 3
Let i(x) = x - x**3 - 3*x**2 + 15 - 15. Let p(g) = -g + 1. Let h be p(5). List the prime factors of i(h).
2, 3
Let s = 17 - 8. Suppose 5*l - s - 21 = 0. What are the prime factors of l?
2, 3
Let a be 2/(-6) - 55/15. Let f = -6 - a. What are the prime factors of 2*(f - 22/(-4))?
7
Suppose 0 = 13*a - a - 2532. What are the prime factors of a?
211
Let b = 9 - 9. Suppose b = -l - 0*l + 7. What are the prime factors of l?
7
Let c(i) = i**2 - 8*i - 4. List the prime factors of c(-5).
61
Suppose 0 = 9*q - 13*q - 40. List the prime factors of (-124)/q + (-16)/40.
2, 3
Let k = -3 - -9. Suppose v - 4*b + k = -5, 33 = 5*v + 2*b. Suppose 3*m + m + 3 = f, -4*f = v*m - 12. What are the prime factors of f?
3
Suppose 4*v + 5 = 3*p, p - 4*v = -v. Suppose -p*i + 2*i = 5*j + 37, -5*j = 2*i + 34. List the prime factors of (j/6 + 0)*-3.
2
Suppose -4 - 2 = 3*t. List the prime factors of t/4 - 30/(-4).
7
Let j(s) = s**2 + s. Let d be j(-1). Let x(f) = -f**2 - f + 1. Let k be x(d). List the prime factors of 21/3 + 0/k.
7
Let d be (-1 - 0) + -2 + 4. List the prime factors of 6/8*(17 - d).
2, 3
Suppose 0*n - n = -31. Let p = n + -22. What are the prime factors of p?
3
Let b be 4/6 - (-400)/(-6). Let k(v) = -v**3 - 4*v**2 + 2. Let u be k(-4). List the prime factors of ((-2)/6)/(u/b).
11
Let d = 360 + -177. What are the prime factors of d?
3, 61
Let r = 31 - 17. Let t = 12 + r. What are the prime factors of t?
2, 13
Suppose -5*d - i + 15 = -2*i, -4*d = 2*i - 26. Suppose 9*u - 30 = d*u. What are the prime factors of u?
2, 3
Let m = 151 + -86. List the prime factors of m.
5, 13
Let h(g) = 5*g**2 - g - 18. List the prime factors of h(-7).
2, 3, 13
Let f(y) = -y**3 + 19*y**2 - 14*y + 9. List the prime factors of f(18).
3
Let d be 34/8 - (-3)/(-12). Suppose 5*x = -5*c + 90, d*x - 2*x = -c + 13. List the prime factors of c.
23
Let q(u) = -14*u + 3. Let o(z) = 14*z - 3. Let j(b) = -4*o(b) - 5*q(b). What are the prime factors of j(2)?
5
Suppose -5*i = -10, -3*h = 20*i - 19*i - 758. List the prime factors of h.
2, 3, 7
Suppose -z - 510 = -6*z + 5*o, -5*o + 408 = 4*z. List the prime factors of z.
2, 3, 17
Let f(r) = r**2 - 4*r - 1. Let z be f(5). Suppose z*q - 28 = -3*n, 3*q - 21 = -0*q - 2*n. What are the prime factors of q?
7
Suppose 0 = 2*s + 5*x + 16, 10 = -5*s + 3*x - 8*x. Let f be (2/4)/(3/114). Suppose -5 = -s*q + f. List the prime factors of q.
2, 3
Let d(b) be the second derivative of 3*b**3/2 - b**2/2 + 4*b. List the prime factors of d(2).
17
Let j(t) = 5*t**2 - 2*t + 2. Let p(o) = 6*o**2 - 3*o + 2. Let b(c) = 3*j(c) - 2*p(c). What are the prime factors of b(2)?
2, 7
Suppose -12 = -z - 3*z. Suppose z*u - 28 = 29. List the prime factors of u.
19
Let u = -4 + 12. Let y(j) = 2*j + 34. Let o be y(-18). Let i = o + u. List the prime factors of i.
2, 3
Let a be (-8)/4*3/(-3). Suppose 5*g = -f + 66, -5*g + a*f - 6*f + 54 = 0. List the prime factors of g.
2, 7
Let r = -13 + 116. List the prime factors of r.
103
Suppose -54 = -3*w + 117. What are the prime factors of w?
3, 19
Suppose 4*l + 25 = r + 330, 5*l = 2*r + 379. What are the prime factors of l?
7, 11
Let v(l) = 12*l**3 - l**2 + l - 1. Let u be v(1). Suppose -5*k + u = -19. List the prime factors of 1*-3*(-10)/k.
5
Suppose -88 = -r + 2*h, 0*h = 5*r - 2*h - 440. List the prime factors of r.
2, 11
Suppose g + 2*g = 4*b + 43, -4*b + 104 = 4*g. Let y = 35 - g. List the prime factors of y.
2, 7
Suppose -156 = 5*u - u. Let w = -17 - u. What are the prime factors of w?
2, 11
Let w(p) = 3*p - 7. Let j be w(3). Suppose -5*h + 174 = -0*h + 2*y, 76 = j*h + 4*y. List the prime factors of h.
2, 17
Let n = 48 - -8. Suppose -b - 5*t = -0*b - 14, 4*b - n = 5*t. What are the prime factors of b?
2, 7
Let d be 35*((-22)/10 + 3). Let c(j) = -42*j**3 - j**2 + j + 1. Let a be c(-1). Let t = a - d. What are the prime factors of t?
13
Let s be 1 + 2/(2/(-7)). List the prime factors of s/(-4)*(-68)/(-6).
17
Let x = -3 + 1. Let l = 0 - x. Suppose -3*g - 33 = -3*v, 0 = -v - l*v + g + 25. What are the prime factors of v?
7
Let c be (-1)/(-1 - (-11)/12). What are the prime factors of (-34)/3*c/(-8)?
17
Suppose -6*s + 2*s + 56 = 0. List the prime factors of s.
2, 7
Suppose -2*b = -6, 0 = -0*h - 5*h - 4*b - 63. Let p be 0 - 1 - h/5. Suppose 3*j - p*t = 11, -3*j - 3*t = -2*j. What are the prime factors of j?
3
Suppose -3*d + 5*d - 10 = 4*n, 4*n = -d - 7. Let l = 0 + n. Let i = 0 - l. List the prime factors of i.
2
Suppose 5*h = -2*z + 73, 2*z = -4*h - 3*z + 72. What are the prime factors of h?
13
Let c be (-2 - 3)*2/5. Let t = -12 - c. Let w = t + 19. List the prime factors of w.
3
Suppose o - 10 = -4*o. Suppose 3*p - 2*m - 117 = -m, -2*p + o*m = -74. Suppose -3*q + 0*y = -3*y - 24, 3*q = -y + p. What are the prime factors of q?
2, 3
Let w(f) = -4*f**2 - 2*f**2 + 4 + 3*f - f**3 - 2*f**2 + 6*f**2. List the prime factors of w(-3).
2
Let s = -163 + 235. List the prime factors of s.
2, 3
Let q be (-2)/3*(-1 + 4). List the prime factors of (3 - -3)*q/(-4).
3
Suppose 3 = -m + g, m = -4*g + 1 - 9. Let d(u) = -u**2 - 6*u - 3. Let q be d(m). Suppose q*h - 2*h - 9 = 0. List the prime factors of h.
3
Suppose -3*u + o = -4*o - 40, -4*u + 4*o = -64. List the prime factors of u.
2, 5
Let r = 4 - 1. Suppose -8 = r*z - 47. What are the prime factors of z?
13
Let m = 97 + -58. What are the prime factors of m?
3, 13
Suppose -3*m - 6 = 0, -4*y - 6*m + 4 = -2*m. What are the prime factors of 1/((-3)/(-36)) + y?
3, 5
Let g be (-215)/(-15) + 2/3. Suppose -g = -4*p - p. Suppose 3*r - 30 = -2*r - c, -p*r + 4*c = -41. What are the prime factors of r?
7
Let o = -164 - -89. List the prime factors of o/(-6) - (-2)/(-4).
2, 3
Suppose 2*s + s = 129. List the prime factors of s.
43
Let x(y) = 8*y + 1. Let r be x(-1). Let w = r + 10. Suppose w*s - 15 = -3. List the prime factors of s.
2
What are the prime factors of 192/42 + (-3)/(-7)?
5
What are the prime factors of 656/(-6)*(-21)/14?
2, 41
Let c(v) = -10*v + 1. Suppose -3*w = -4*w - 3. List the prime factors of c(w).
31
Let q be 5*-1*4/(-4). Suppose -t - 4*v = -41, v - 122 = -q*t - 12. List the prime factors of t.
3, 7
Let y = -7 + 12. Suppose -2*s - 3*s + 45 = 5*f, -y*f + 5*s + 75 = 0. List the prime factors of f.
2, 3
Suppose 8 = 5*h - 2. Suppose -h*i + 0*i = 6. What are the prime factors of (-3)/i + (0 - -1)?
2
Let q be 4/14 + 132/(-21). Let w be 56/q*-3*1. Let c = w - 18. List the prime factors of c.
2, 5
Suppose 4*c + 1 = 3*c, -5*t - 1 = -4*c. Let i be t/(-2*1/26). Let u = i + -8. What are the prime factors of u?
5
Suppose 5*l - s = 171, 1 + 1 = -2*s. List the prime factors of l.
2, 17
Let d = -41 - -151. Suppose 3*w = -s + d, -3*w + 0*s + s + 112 = 0. What are the prime factors of w?
37
Suppose 0 = -4*c + t - 11, 2*t + 7 = -3*c - 4. What are the prime factors of 355/15 +